 to base 8.
-11
5 (base 8) to base 6
5
What is -1001 (base 2) in base 10?
-9
What is 41 (base 6) in base 5?
100
Convert 3 (base 7) to base 5.
3
Convert -3 (base 14) to base 2.
-11
What is -3 (base 8) in base 9?
-3
-181 (base 13) to base 15
-134
What is 114 (base 7) in base 12?
50
1012 (base 3) to base 16
20
-20 (base 10) to base 16
-14
Convert -119 (base 10) to base 5.
-434
-22 (base 10) to base 5
-42
Convert 111 (base 2) to base 6.
11
Convert -3 (base 7) to base 2.
-11
What is -55 (base 16) in base 12?
-71
Convert -13 (base 15) to base 11.
-17
Convert 22 (base 15) to base 7.
44
What is 76 (base 16) in base 15?
7d
What is 183 (base 14) in base 9?
375
What is -3 (base 5) in base 6?
-3
What is -9 (base 10) in base 11?
-9
Convert -2a (base 13) to base 10.
-36
What is -1 (base 11) in base 10?
-1
What is -1a (base 15) in base 10?
-25
67 (base 12) to base 6
211
-45 (base 12) to base 10
-53
142 (base 5) to base 16
2f
452 (base 6) to base 7
341
-54 (base 13) to base 8
-105
62 (base 13) to base 6
212
What is -111 (base 2) in base 11?
-7
What is -c (base 16) in base 10?
-12
2 (base 3) to base 6
2
What is 44 (base 5) in base 7?
33
Convert 46 (base 9) to base 7.
60
What is 101 (base 4) in base 12?
15
9a (base 15) to base 4
2101
Convert -22 (base 12) to base 3.
-222
Convert -22 (base 10) to base 14.
-18
15 (base 10) to base 14
11
Convert -1 (base 10) to base 9.
-1
1 (base 16) to base 12
1
Convert -3a (base 15) to base 12.
-47
What is -32 (base 6) in base 16?
-14
24 (base 9) to base 4
112
What is 2b (base 15) in base 10?
41
Convert 134 (base 6) to base 5.
213
What is -4 (base 6) in base 13?
-4
Convert -10 (base 6) to base 15.
-6
147 (base 8) to base 7
205
Convert 132 (base 11) to base 14.
b2
Convert 20 (base 3) to base 15.
6
ac (base 16) to base 7
334
5 (base 14) to base 6
5
What is 14 (base 5) in base 8?
11
What is 123 (base 5) in base 10?
38
2 (base 8) to base 12
2
-42 (base 6) to base 2
-11010
-13 (base 5) to base 11
-8
Convert -20012 (base 3) to base 13.
-cb
-100 (base 2) to base 16
-4
What is 9 (base 12) in base 16?
9
Convert -75 (base 8) to base 14.
-45
-11 (base 4) to base 13
-5
1303 (base 5) to base 6
535
a (base 15) to base 12
a
What is -1 (base 15) in base 6?
-1
13 (base 6) to base 3
100
-6 (base 9) to base 7
-6
What is 12 (base 13) in base 7?
21
Convert 3 (base 9) to base 2.
11
What is 10 (base 3) in base 5?
3
-6 (base 16) to base 15
-6
-12 (base 3) to base 13
-5
What is 25 (base 7) in base 5?
34
Convert -2 (base 16) to base 2.
-10
What is 4 (base 16) in base 6?
4
-13 (base 4) to base 7
-10
What is -101 (base 7) in base 8?
-62
Convert 110 (base 3) to base 12.
10
8 (base 16) to base 11
8
What is 2 (base 16) in base 12?
2
4 (base 8) to base 2
100
Convert -3 (base 6) to base 3.
-10
-6 (base 16) to base 9
-6
Convert 1033 (base 4) to base 8.
117
What is -134 (base 9) in base 13?
-88
Convert 2 (base 12) to base 15.
2
Convert 10221 (base 3) to base 15.
71
Convert 123 (base 9) to base 14.
74
92 (base 16) to base 5
1041
What is 4a (base 12) in base 13?
46
-1 (base 5) to base 15
-1
What is -5 (base 14) in base 7?
-5
-21 (base 3) to base 15
-7
Convert 147 (base 9) to base 10.
124
What is -102 (base 5) in base 15?
-1c
What is 2 (base 6) in base 10?
2
What is 26 (base 9) in base 12?
20
Convert -2 (base 13) to base 2.
-10
Convert -1 (base 13) to base 3.
-1
Convert 2 (base 8) to base 12.
2
Convert -15 (base 16) to base 10.
-21
1 (base 12) to base 3
1
What is 0 (base 5) in base 3?
0
What is -101 (base 15) in base 12?
-16a
-134 (base 6) to base 10
-58
Convert -1000 (base 2) to base 6.
-12
Convert 10010 (base 2) to base 8.
22
2 (base 16) to base 4
2
0 (base 4) to base 9
0
What is -5 (base 15) in base 12?
-5
Convert -6 (base 9) to base 11.
-6
Convert -1 (base 15) to base 14.
-1
Convert -1000 (base 2) to base 12.
-8
Convert -16 (base 12) to base 16.
-12
Convert -11 (base 3) to base 8.
-4
What is -3 (base 11) in base 3?
-10
Convert 7b (base 16) to base 5.
443
What is -39 (base 11) in base 5?
-132
Convert -17 (base 9) to base 10.
-16
What is -53 (base 8) in base 3?
-1121
Convert -1 (base 2) to base 12.
-1
Convert -7 (base 13) to base 12.
-7
Convert 100 (base 4) to base 16.
10
Convert b (base 12) to base 15.
b
161 (base 8) to base 9
135
Convert 8 (base 9) to base 4.
20
-1000 (base 2) to base 3
-22
What is -1 (base 10) in base 6?
-1
What is 0 (base 6) in base 11?
0
Convert 3 (base 16) to base 3.
10
19 (base 15) to base 12
20
7 (base 9) to base 4
13
Convert 552 (base 6) to base 15.
e2
What is -3 (base 4) in base 11?
-3
Convert 10100 (base 3) to base 2.
1011010
-1033 (base 4) to base 15
-54
Convert -1 (base 5) to base 10.
-1
13 (base 5) to base 13
8
What is 80 (base 11) in base 4?
1120
131 (base 5) to base 14
2d
What is -4 (base 5) in base 3?
-11
-102 (base 3) to base 15
-b
Convert -1 (base 14) to base 10.
-1
Convert -2 (base 7) to base 13.
-2
-196 (base 10) to base 2
-11000100
Convert 12 (base 5) to base 4.
13
Convert -4 (base 16) to base 12.
-4
What is 1440 (base 5) in base 8?
365
7 (base 8) to base 7
10
-1 (base 3) to base 6
-1
111 (base 7) to base 9
63
Convert 10210 (base 3) to base 16.
66
What is 23 (base 16) in base 7?
50
What is 0 (base 4) in base 7?
0
-123 (base 8) to base 10
-83
Convert -24 (base 9) to base 8.
-26
9 (base 15) to base 14
9
Convert 14 (base 7) to base 12.
b
-2 (base 12) to base 9
-2
4 (base 13) to base 4
10
1 (base 15) to base 12
1
What is 313 (base 4) in base 12?
47
-8 (base 12) to base 14
-8
What is 1 (base 11) in base 5?
1
What is 1a (base 16) in base 10?
26
What is 2 (base 12) in base 15?
2
What is 4 (base 11) in base 7?
4
4 (base 11) to base 9
4
What is 2 (base 7) in base 2?
10
Convert 106 (base 7) to base 14.
3d
What is -128 (base 11) in base 6?
-411
-40 (base 14) to base 5
-211
What is -1252 (base 6) in base 12?
-228
Convert 11 (base 11) to base 3.
110
What is -6 (base 14) in base 2?
-110
Convert -191 (base 14) to base 2.
-101000011
4d (base 15) to base 4
1021
What is 102 (base 10) in base 11?
93
-6 (base 13) to base 14
-6
What is 53 (base 7) in base 8?
46
5 (base 14) to base 15
5
Convert 164 (base 9) to base 10.
139
What is -1120 (base 5) in base 15?
-aa
Convert 3 (base 14) to base 12.
3
Convert -3 (base 9) to base 11.
-3
What is -3 (base 5) in base 10?
-3
What is 8 (base 11) in base 16?
8
45 (base 11) to base 4
301
Convert 11000 (base 2) to base 13.
1b
Convert 20 (base 4) to base 2.
1000
What is -12 (base 8) in base 11?
-a
Convert -4 (base 5) to base 7.
-4
What is -25 (base 6) in base 3?
-122
Convert -26 (base 11) to base 15.
-1d
What is 6 (base 8) in base 9?
6
Convert -1 (base 16) to base 8.
-1
Convert a7 (base 16) to base 5.
1132
Convert 46 (base 10) to base 13.
37
What is -220 (base 8) in base 7?
-264
What is -1d (base 16) in base 9?
-32
Convert -10 (base 15) to base 3.
-120
What is 1010 (base 2) in base 6?
14
What is -3 (base 11) in base 4?
-3
Convert 0 (base 6) to base 2.
0
Convert -10 (base 7) to base 11.
-7
What is -6 (base 13) in base 6?
-10
What is 9 (base 14) in base 8?
11
Convert -1 (base 10) to base 11.
-1
Convert 3 (base 6) to base 5.
3
What is -b (base 15) in base 8?
-13
What is 6 (base 8) in base 4?
12
Convert 0 (base 16) to base 8.
0
-35 (base 11) to base 16
-26
Convert -126 (base 12) to base 4.
-2232
2 (base 11) to base 4
2
15 (base 12) to base 10
17
What is -65 (base 16) in base 7?
-203
What is -11 (base 6) in base 3?
-21
1101 (base 2) to base 4
31
What is -10111 (base 3) in base 14?
-6a
-2 (base 12) to base 2
-10
65 (base 9) to base 7
113
Convert 0 (base 3) to base 13.
0
cb (base 15) to base 4
2333
What is -10 (base 11) in base 5?
-21
What is 320 (base 5) in base 6?
221
-2a (base 13) to base 16
-24
Convert -3133 (base 4) to base 10.
-223
Convert 12 (base 11) to base 8.
15
What is -2 (base 9) in base 13?
-2
1020 (base 4) to base 14
52
What is 2 (base 3) in base 15?
2
What is -203 (base 4) in base 14?
-27
What is 1010010 (base 2) in base 10?
82
What is 11010 (base 2) in base 16?
1a
120 (base 4) to base 3
220
Convert c (base 13) to base 9.
13
Convert -6 (base 10) to base 14.
-6
What is c (base 13) in base 15?
c
Convert -102 (base 4) to base 14.
-14
What is 11 (base 3) in base 9?
4
211 (base 3) to base 16
16
Convert -5 (base 11) to base 7.
-5
-2 (base 11) to base 6
-2
3 (base 12) to base 6
3
What is -22 (base 8) in base